 = -5*u + 2. Let k = 43 - w. Calculate the highest common divisor of k and 50.
10
Let t be (-6 - 45)*(-3)/9. Calculate the highest common factor of t and 119.
17
Let q(c) = -45*c**3 + c**2 - c - 1. Let v be q(-1). What is the highest common divisor of 23 and v?
23
Suppose p - 14 = 5*r, -3*p + 3*r - 6 = -6*p. Let d be 9/(-45) - (-2)/10. Suppose p*b + 19 - 627 = d. Calculate the highest common divisor of b and 19.
19
Suppose -4*r + 648 = 168. What is the greatest common factor of 12 and r?
12
Suppose 0 = 2*r - 4*r + 48. Calculate the greatest common divisor of r and 12.
12
Let o(b) = b + 13. Let w be o(-9). Let p be w*(-10)/8*-1. Let g = p + -2. What is the highest common divisor of 2 and g?
1
Let g be (8/6)/(6/(-18)). Let b be ((-2)/(-3))/(g/(-12)). Suppose b*i - 30 = -3*i. What is the greatest common factor of 54 and i?
6
Let a be (-1 - (3 + (-40 - 3))) + 1. What is the greatest common factor of a and 200?
40
Suppose w - 6 + 2 = 0. Suppose p = w*p - 84. Suppose q + 9*q = 70. Calculate the highest common factor of q and p.
7
Suppose -2*q = -19 + 1. Let m be 1/2 - (-9)/18. Suppose -3*i + m = -107. Calculate the greatest common factor of q and i.
9
Let c(b) = -b**2 + 10*b - 2. Let n be c(8). Calculate the highest common factor of n and 21.
7
Let s(t) = 3*t - 3. Let b be s(3). Suppose -5*z = 3*u - u - 21, b = 4*z - 2*u. What is the greatest common divisor of 24 and z?
3
Suppose 2*q + 3*s - 12 = 0, q = 2*q + s - 5. Calculate the highest common divisor of 27 and q.
3
Suppose 0 = -5*b + x + 28 + 75, 0 = -5*b + 3*x + 109. Calculate the greatest common divisor of b and 2.
2
Let v(k) = k**2 - k - 1. Let h be v(2). Calculate the greatest common divisor of 7 and h.
1
Let s = -4 - -19. What is the highest common divisor of s and 45?
15
Let r be -2*(-3)/((-9)/(-57)). What is the greatest common divisor of r and 19?
19
Let a(d) = d**2 + 3. Let f be a(0). Suppose r - 1 + 0 = u, -2*u = 0. Calculate the greatest common factor of f and r.
1
Let o be (-1 - (-21)/15)*385. Suppose -4*z = 3*v - 42, 0*v - 28 = -2*v - 2*z. Calculate the highest common divisor of v and o.
14
Let b be -3*(3 + (-33)/(-18)*-2). Calculate the greatest common factor of 5 and b.
1
Let y be ((-18)/(-10))/(1/55). What is the greatest common divisor of 9 and y?
9
Let y = -6 - -8. Let k be y + -2 + 2 + 28. What is the greatest common factor of 20 and k?
10
Suppose -a + 67 = 7. Let s be a/8 + (-1)/(-2). Suppose 4*z - z - 120 = 0. Calculate the highest common factor of s and z.
8
Let p(v) = 9*v. Let u be p(2). Let z be 448/9 + 4/u. Let t(n) = 6*n**3 - n**2. Let g be t(1). Calculate the highest common divisor of z and g.
5
Let n(h) = h**2 + 5. Let w be n(0). Let o = w + -3. Let m be 11 - (-1)/(-2 + 1). Calculate the highest common factor of o and m.
2
Suppose 3*b + 56 = 5*b. What is the greatest common factor of 21 and b?
7
Suppose 2*f = 4*c + 142, -5*f - 5*c = -0*f - 385. What is the greatest common factor of f and 30?
15
Let z = 27 + -12. Calculate the greatest common divisor of z and 120.
15
Let q(z) = z**3 + 9*z**2 + 6*z - 10. Let v be q(-8). Let g = 185 - 23. Let h = -96 + g. Calculate the greatest common divisor of v and h.
6
Suppose 5*f + 2 = 42. Suppose f = 4*c - 40. What is the greatest common divisor of 36 and c?
12
Suppose -15*a - 60 = -20*a. What is the greatest common divisor of 12 and a?
12
Let g(q) = -2*q. Let u be g(-3). Let k be (2/3)/(4/u). Let p be k + 3*(2 + 3). Calculate the greatest common factor of 128 and p.
16
Let p(q) = q**2 - 3*q + 1. Let c be p(4). Let u = c + -5. Suppose 64 = l + 3*a, u*l - a = -4*l + 191. What is the greatest common factor of 7 and l?
7
Let b(z) = -13*z**3 + 2*z**2 - z. Let h be b(1). Let k = h - -84. What is the greatest common factor of 8 and k?
8
Let f = 1 + -2. Let s(m) = m**2 + 12*m + 25. Let b be s(-10). Let l = b + f. Calculate the highest common divisor of 6 and l.
2
Let s(o) = -o**2 - 7*o + 4. Let h be s(-7). Suppose -3*v - f + 6 = -11, -h*v + 6 = -2*f. Let x = -6 - -10. Calculate the greatest common factor of x and v.
4
Let y = -4 - -8. Let v(j) = 3*j + 4. Let x be v(y). Calculate the greatest common divisor of 4 and x.
4
Let s(u) = -u**3 - 6*u**2 - 5*u + 6. Let y be 4/10 - (-27)/(-5). Let b be s(y). Let d = 1 - -35. What is the greatest common divisor of d and b?
6
Let q(z) = z**3 + 16*z**2 - 3*z - 32. Let i be q(-16). Calculate the greatest common divisor of 2 and i.
2
Let x be (-46)/(-4) + (-7)/14. What is the highest common factor of 22 and x?
11
Let k(c) = 4*c - 7. Let y be k(13). Let d be 21/(-14)*(0 - 10). What is the greatest common divisor of d and y?
15
Let b = 194 + -109. Let l = -90 + 127. Suppose g - 46 = -4*z, 0 = g - 2*z - l + 9. Calculate the highest common divisor of g and b.
17
Suppose -3*h + 6*h - 3 = -3*q, -2*h + 4*q = -14. Suppose 4 = r, h*j - 42 = -3*r + 15. Suppose -15 = -s + j. What is the highest common factor of 12 and s?
6
Suppose -3*s = -8*s + k + 164, 5*s - 5*k - 180 = 0. What is the greatest common factor of s and 16?
16
Suppose -v - 5*h - 7 = -26, 5*v + 4*h - 74 = 0. What is the highest common divisor of v and 14?
14
Let r(z) = 2*z**2 + 7*z + 5. Let k = 2 + -6. Let n be r(k). What is the highest common divisor of n and 6?
3
Suppose -2*i + 300 = i. What is the greatest common divisor of 20 and i?
20
Let o(s) = -2*s - 2. Let l be o(-8). Suppose -y + 38 = 3*h, 2*h + 4*y = 56 - l. Calculate the highest common factor of h and 1.
1
Suppose -2*b = 2*b - 60. Suppose -4*x = 2*l - 52, -b = -5*l - 3*x + 150. Let q be 21/6 - 1/(-2). What is the highest common factor of q and l?
4
Let v(m) = m**2 + 4*m - 1. Let c = -21 + 7. Let l = 7 + c. Let x be v(l). What is the greatest common divisor of x and 80?
20
Let y be 12/(-30) + 231/15. Calculate the greatest common factor of 10 and y.
5
Suppose 12 = 4*r + 2*f, -4*r = -f - 0*f - 12. What is the greatest common factor of r and 27?
3
Suppose -5*y = h - 6, -2*h + 6 = -2*y + 18. Let p be (y/(-5))/((-13)/845). Calculate the greatest common divisor of p and 13.
13
Let r = 8 + 2. Let m = 20 - r. What is the greatest common divisor of 10 and m?
10
Let u(l) = -l**2 - l - 1. Let q(s) = -5*s**2 - s - 7. Let y(x) = -q(x) - u(x). Let t be y(-4). Calculate the highest common divisor of 16 and t.
16
Let f(z) = 22*z - 3. Let h be ((-6)/1)/((-39)/26). Let p be f(h). Calculate the highest common divisor of 34 and p.
17
Suppose 3*b - 21 = -0*b. Calculate the greatest common factor of 91 and b.
7
Suppose -3*r + 41 = -46. Calculate the highest common factor of r and 116.
29
Let p be 3*(-156)/4*-1. What is the greatest common factor of p and 9?
9
Let h = 16 + 8. Let g be (-4)/10 + 2/5. Let t be 36 - g*(-1 + 2). Calculate the greatest common factor of h and t.
12
Let z = 27 + -17. What is the greatest common divisor of z and 50?
10
Suppose -3*u = 3*c - 9, -21 = -5*u + 4. Suppose s - 4 + 1 = 0, 3*b = -3*s + 12. Let p be c + (35 - 0) - b. Calculate the highest common divisor of p and 8.
8
Let p be 42/4*6/9 + -2. Suppose w = -4*w + 5*r + 45, -5*r - 5 = -w. Calculate the greatest common divisor of p and w.
5
Let x be (6/(-10))/((-2)/10). Let s(l) = -l**3 + 7*l**2 - 6*l - 5. Let h be s(5). Calculate the highest common factor of h and x.
3
Suppose 2*l = -2*l - 24. Let w be (-16)/6*l/4. Suppose -29 = -3*d - 0*d - w*r, 3*r = -2*d + 20. Calculate the highest common divisor of 21 and d.
7
Suppose -24 = -5*u + 2*g, 2*u = u + 5*g + 14. Calculate the highest common divisor of 4 and u.
4
Suppose -26 = -2*b + 24. Let r be 74/9 + (-16)/72. Let o be r/(-3)*-3 - 3. Calculate the greatest common factor of b and o.
5
Let g(n) = 3*n + 2. Let i be g(7). Calculate the highest common divisor of i and 253.
23
Suppose -3*a + 0*k + 190 = 5*k, 0 = a + k - 62. Let z be (62/4)/((-1)/(-2)). Let j = -11 + z. What is the greatest common divisor of j and a?
20
Let p(o) = o**2 - 6*o + 6. Let n be p(6). Let y be 2023/85 - 2/(-10). What is the highest common factor of n and y?
6
Suppose -162 = -2*t + t. Suppose -2*i = -4*i + t. What is the greatest common divisor of 9 and i?
9
Let a be ((-28)/(-5) - 2)/((-6)/(-160)). Calculate the greatest common divisor of a and 64.
32
Let a be 2/4*-6 + 8. Calculate the greatest common factor of 10 and a.
5
Suppose -6*q = -10*q + 80. Calculate the greatest common factor of q and 140.
20
Suppose -g -